*b - 128. Suppose -4*t - 2*l + 406 = 0, 17 - 28 = -l. What is the remainder when t is divided by w?
30
Suppose -1778*r - 278 = -1751*r - 4949. Calculate the remainder when 670 is divided by r.
151
Let n = -81 + 489. Suppose -6*m = 18*m - n. What is the remainder when 26 is divided by m?
9
What is the remainder when 9/36*(1 - (-6216 - 7)) is divided by 38?
36
Let n(d) = 50*d + 3. Let c be n(-3). Let p = -74 - c. What is the remainder when p is divided by 5570/6684*(0 - -1)*30?
23
Calculate the remainder when (-7 + 112/21)*(-2 + -85) is divided by 69.
7
Let r(f) = -f**2 + 204*f - 781. What is the remainder when 169 + 0/(3 - 4) is divided by r(4)?
17
Suppose 1704*y - 23728 - 24312 + 836 = -8012. Suppose 2*s + 92 = 4*t, 2*t - 6*t - 3*s = -92. Calculate the remainder when t is divided by y.
0
Calculate the remainder when -2 + (276/9 - 21)/((-2)/(-498)) is divided by 36.
29
Suppose -14*p + 13*p + 150 = 0. Suppose -451 = -8*m - 43. Calculate the remainder when p is divided by m.
48
Let o(a) = -a**3 + 8*a**2 - 9*a + 3. Calculate the remainder when o(6) is divided by ((-6660)/120 - -58)/((-5)/(-12)).
3
Let x(z) be the second derivative of -z**5/20 + z**4/2 - z**3/6 - 3*z**2 - z. Let v = 42128 + -42045. What is the remainder when v is divided by x(5)?
13
Suppose 0 = -5*r - 132 + 17. Let w(g) = -g**3 - 22*g**2 + 22*g + 26. Let c = -73 + 78. What is the remainder when w(r) is divided by c?
4
Suppose 31*a = 24*a + 378. Suppose 0 = -28*n - 6*n + 1190. Calculate the remainder when a is divided by n.
19
Suppose 104 = 7*a + 13. What is the remainder when 14*(-5)/(-2) + -2 is divided by a?
7
Suppose -20*n + 4680 = -16*n + 36*n. Calculate the remainder when n is divided by 65.
52
Suppose 45*t = 41*t + 208. Calculate the remainder when 280 is divided by t.
20
Let p be (-3)/(-15) + (-936)/(-45). Suppose 0 = -7*i - p + 112. What is the remainder when 38 is divided by i?
12
Calculate the remainder when (45/(-27) - (-8)/6)*-7557 is divided by 6.
5
Suppose a - 6*z + 9*z - 55 = 0, 5*a - 4*z = 256. Calculate the remainder when 4731 is divided by a.
51
Suppose 4*h - 9*h + 5299 = 3*a, h = 5*a - 8785. Calculate the remainder when a is divided by 296.
278
Suppose -2*l = -0*c + c + 437, -c = 4*l + 871. Let j = 270 + l. What is the remainder when j is divided by 8?
5
Let r(g) = -g**2 - 25*g - 44. Calculate the remainder when r(-21) is divided by (-48)/(-9)*12/(-8)*-3.
16
Let l(c) = -11*c**3 - 2*c**2 - 2*c - 1. What is the remainder when ((-1)/(18/52))/(31/(-837)*3) is divided by l(-1)?
6
Suppose 0 = 83*p + 101*p - 3126344. Calculate the remainder when p is divided by 12.
11
Let w = -58 - -56. Let t(r) = 18*r**2 - 6*r - 6. Let v = -34 - -76. Calculate the remainder when t(w) is divided by v.
36
Let t(m) = -m**3 - 39*m**2 - 123*m - 83. Calculate the remainder when 1375 is divided by t(-36).
4
Suppose -450 = -2*x + 4*w, 2*w = 21*x - 18*x - 699. What is the remainder when x is divided by 18*(0 - (-3)/6)?
3
Calculate the remainder when (-10)/8 - (-11550)/88 is divided by 56.
18
Let j = 12099 + -12081. Calculate the remainder when 417 is divided by j.
3
Suppose -2*n + 145 = 3*n. Let z = -95310 + 95465. Calculate the remainder when z is divided by n.
10
Let l(y) = -901*y - 738. What is the remainder when l(-2) is divided by 98?
84
Suppose -3*c + 3*g + 219 = 0, -5*c - 70*g + 67*g + 405 = 0. Suppose 22 = 2*y - 18. Calculate the remainder when c is divided by y.
18
Let h = -96 - -98. Suppose c + h*l = -7806, 4*c + 31242 = -5*l + 3*l. Calculate the remainder when 103 is divided by c/(-224) + (-2)/(-16).
33
Suppose -5*d + 94 - 4 = 0. Let y = -61906 + 61934. Calculate the remainder when y is divided by d.
10
Let k(c) = -3*c**3 - 9*c**2 - 2*c - 7. Calculate the remainder when k(-4) is divided by (0 + -2)/((-11)/176).
17
Let t(w) = -40*w + 456. What is the remainder when t(1) is divided by 411?
5
Let q = -5376 - -5450. What is the remainder when 435 is divided by q?
65
Suppose 6*x - 11*x + 42 = -4*i, -9 = x + 5*i. What is the remainder when 1144 is divided by x?
4
Calculate the remainder when ((-95)/20 - 2)/((-24)/4288) is divided by 47.
31
Suppose 23580 = 699*o - 654*o. What is the remainder when o is divided by 36?
20
Suppose 2*b - 10 = -3*k, -2*k - 2*b + 9 = -3*b. Let c(z) = -18*z**3 + 448*z**2 + 56*z - 118. What is the remainder when c(25) is divided by (15 + 1)*5/k?
12
Let t = -106 + 110. What is the remainder when 181 is divided by (14/t)/(-1)*-2?
6
Suppose 3*v = -4*t + 659, t - 5*v = 108 + 28. What is the remainder when 5951 is divided by t?
155
Let t(w) = w**3 - 9*w**2 + 48*w + 8. What is the remainder when 1195 is divided by t(10)?
19
What is the remainder when (-10)/8 - (-51)/(-68) - -2308 is divided by 14?
10
Suppose 23*f = 16*f + 77. Suppose f*x + 9 - 108 = 0. What is the remainder when 35 is divided by x?
8
Suppose -29*b - 33 = 83. Let l(w) = -6*w**2 - 29*w - 12. What is the remainder when 24 is divided by l(b)?
0
Let i = 6 - 2. Calculate the remainder when 588/882 + (-49)/(-3) is divided by (-37)/(-7) + i/(-14).
2
Suppose -81 + 661 = 20*y. Suppose y = 3*r - 37. Calculate the remainder when 41 is divided by r.
19
What is the remainder when 1541 is divided by (1 - 3)/6 + (-39050)/(-150)?
241
Let l = 9192 - 9179. Let i = 58 - -43. Calculate the remainder when i is divided by l.
10
Let n(k) = 3*k**2 - 19*k - 261. Calculate the remainder when n(-9) is divided by 31.
29
Let h(x) = -76*x + 1357. What is the remainder when h(12) is divided by 225?
220
Let m = 123 - 31. Suppose -211*v = -10585 + 6365. What is the remainder when m is divided by v?
12
Suppose -u - 4*n - n + 27 = 0, 0 = 3*n - 9. Let v = 2574 - 2566. Calculate the remainder when u is divided by v.
4
Calculate the remainder when 9516 is divided by (60/(-70))/((-24)/1596).
54
Let q(b) = -3*b - 26. Let a be q(-8). Let m(o) = 50*o**2 + 13*o + 21. What is the remainder when m(a) is divided by 11?
8
Suppose 56*q = -36*q + 73784. What is the remainder when q is divided by 200?
2
Suppose 15275 = 111*t - 4234 - 21117. Calculate the remainder when t is divided by 34.
26
Let y(t) = t**3 - 9*t**2 + 11*t - 20. Let p = 82 + -74. Let k be y(p). Suppose -18 + 7 = w - 5*i, 5*i + 1 = k*w. Calculate the remainder when 7 is divided by w.
3
Let i = 29 - -131. Suppose 11*b = i + 632. Calculate the remainder when b is divided by 19.
15
Suppose 0 = -2*h + 138 + 60. Let k = -104 + h. Let o(d) = 8*d**2 - 3*d - 30. Calculate the remainder when o(k) is divided by 62.
61
Let o be ((-13)/52)/(2/16). What is the remainder when 39 is divided by (6 + o)*(0 - 33/(-6))?
17
Let f(p) = 2*p + 4. Let j be f(3). Suppose 16*w - 2 = 14*w. Let b = w + j. Calculate the remainder when 39 is divided by b.
6
Let u(y) = -119 + y**2 - 14*y + 43 + 40 + 48. Calculate the remainder when 28 is divided by u(0).
4
Let g(v) = v + 357. What is the remainder when g(-124) is divided by 15?
8
Suppose -10*b + 933 = 19*b - 1880. Calculate the remainder when 1446 is divided by b.
88
Let o(y) = -y**3 + 29*y**2 + 4*y - 27. What is the remainder when 4448 is divided by o(29)?
87
Let l(p) = 4*p**2 + 27*p - 68. What is the remainder when l(3) is divided by (-12)/(3 - 0) + 14?
9
Let m = 1781 - -797. What is the remainder when m is divided by 60?
58
Suppose -5*l + 3*m + 62 = 0, -2*l + 2*m + 76 = 4*l. Calculate the remainder when 81 is divided by l.
3
Suppose 0 = -l - y + 329, 321 = l - 0*l - 3*y. Let s be l/5 + (-1)/((-10)/6). Suppose 0 = -z - 10*z + s. Calculate the remainder when 16 is divided by z.
4
Let p be (0 - (-264)/(-9))*12. Let i = p + 378. Calculate the remainder when 59 is divided by i.
7
What is the remainder when 535 is divided by (-3 - (-15)/9)/((-8)/1572)?
11
Let i = 1051 - 1020. Calculate the remainder when i is divided by 103/7 + (-2)/(-7).
1
Let b(j) = 43*j - 327. Let z be -5 - (-3)/(-2 - 1). What is the remainder when b(8) is divided by z/8*36/(-3)?
8
What is the remainder when 193 is divided by ((-352)/(-36))/(8 + (-560)/72)?
17
Let l be 468/(-32) + 9/(-24). Let h = l + 22. What is the remainder when 25 is divided by h?
4
Suppose 0*z + 12 = z. Suppose -z*n + 11*n + 30 = 4*w, 3*n - 13 = -w. Let p(b) = -b**2 + 10*b - 2. What is the remainder when p(7) is divided by w?
5
Suppose 88*z - 488085 = -51*z + 100*z. What is the remainder when z is divided by 84?
83
Let v be (